{"id":34,"date":"2020-06-11T05:41:05","date_gmt":"2020-06-11T05:41:05","guid":{"rendered":"https:\/\/www.escape60.com.mx\/shop\/?page_id=34"},"modified":"2020-06-17T00:00:55","modified_gmt":"2020-06-17T05:00:55","slug":"contact","status":"publish","type":"page","link":"https:\/\/escape60.com.mx\/shop\/contact\/","title":{"rendered":"Contacto"},"content":{"rendered":"\n<div class=\"wp-block-columns alignwide\">\n<div class=\"wp-block-column\">\n<h4>\u00bfC\u00f3mo te podemos ayudar?<\/h4>\n\n\n\n<p>\u00bfPreguntas? \u00bfQuieres informaci\u00f3n sobre nuestros productos? \u00a1Ll\u00e1manos! Nos esforzamos por estar en comunicaci\u00f3n constante con nuestros clientes.<\/p>\n\n\n\n<h5>Escape 60 M\u00e9xico<\/h5>\n\n\n\n<p>Calle Coahuila, 16&nbsp;<br>Colonia Roma Norte, C.P. 06700<br>Delegaci\u00f3n Cuauht\u00e9moc,  Ciudad de M\u00e9xico.<br>(55) 2580-7129<\/p>\n\n\n\n<h5>Horario<\/h5>\n\n\n\n<p>Lunes a Miercoles &#8211; 11 am &#8211; 9 pm<br>Jueves a Domingo &#8211; 10 am &#8211; 9 pm<br>(Cerrado temporalmente por contingencia sanitaria)<\/p>\n\n\n\n<p><\/p>\n<\/div>\n\n\n\n<div class=\"wp-block-column\">\n\t\t<div class=\"coblocks-form\" id=\"acb35e4cdf94a1f675abfec9335f2789181704e5\">\n\n\t\t\t\n\t\t\t<form action=\"https:\/\/escape60.com.mx\/shop\/contact\/#acb35e4cdf94a1f675abfec9335f2789181704e5\" method=\"post\">\n\t\t\t\t\n<label class=\"coblocks-label\">Name<\/label>\n\t\t<input type=\"hidden\" name=\"field-name[label]\" value=\"Name\">\n\n\t\t\t\t<input type=\"hidden\" id=\"name-field-id\" name=\"name-field-id\" class=\"coblocks-name-field-id\" value=\"field-name\" \/>\n\t\t\n\t\t<input type=\"text\" id=\"name\" name=\"field-name[value]\" class=\"coblocks-field coblocks-field--name\"  \/>\n\n\t\t\n\n<label class=\"coblocks-label\">Email <span class=\"required\">&#042;<\/span><\/label>\n\t\t<input type=\"hidden\" name=\"field-email[label]\" value=\"Email\">\n\n\t\t\n\t\t<input type=\"hidden\" id=\"email-field-id\" name=\"email-field-id\" class=\"coblocks-email-field-id\" value=\"field-email\" \/>\n\t\t<input type=\"email\" id=\"email\" aria-label=\"Email\" name=\"field-email[value]\" class=\"coblocks-field coblocks-field--email\" required \/>\n\n\t\t\n\n<label class=\"coblocks-label\">Message <span class=\"required\">&#042;<\/span><\/label>\n\t\t<input type=\"hidden\" name=\"field-message[label]\" value=\"Message\">\n\n\t\t\n\t\t<textarea name=\"field-message[value]\" aria-label=\"Message\" id=\"message\" class=\"coblocks-field coblocks-textarea\" rows=\"20\" required><\/textarea>\n\n\t\t\n\n\n\t\t<div class=\"coblocks-form__submit wp-block-button\">\n\t\t\t<button type=\"submit\" class=\"wp-block-button__link\" style=\"\">Comun\u00edcate con nosotros<\/button>\n\t\t\t<input type=\"hidden\" id=\"form-submit\" name=\"form-submit\" value=\"fff87c686a\" \/><input type=\"hidden\" name=\"_wp_http_referer\" value=\"\/shop\/wp-json\/wp\/v2\/pages\/34\" \/>\t\t\t<input type=\"hidden\" name=\"action\" value=\"coblocks-form-submit\">\n\n\t\t\t\t\t<\/div>\n\n\t\t\n\t\t\t\t<input class=\"coblocks-field verify\" aria-label=\"Introduce tu direcci\u00f3n de correo electr\u00f3nico para verificarla\" type=\"email\" name=\"coblocks-verify-email\" autocomplete=\"off\" placeholder=\"Correo electr\u00f3nico\" tabindex=\"-1\">\n\t\t\t\t<input type=\"hidden\" name=\"form-hash\" value=\"acb35e4cdf94a1f675abfec9335f2789181704e5\">\n\n\t\t\t\t\t\t\t<\/form>\n\n\t\t<\/div>\n\n\t\t\n\n\n<p><\/p>\n<\/div>\n<\/div>\n\n\n<div class=\"wp-block-coblocks-social wp-block-coblocks-social-profiles has-colors\" ><ul><li>\n\t\t\t\t\t<a href=\"https:\/\/www.facebook.com\/escape60mex\" class=\"wp-block-button__link wp-block-coblocks-social__button wp-block-coblocks-social__button--facebook     has-padding\" title=\"Facebook\" style=\"border-radius: 40px;\" >\n\t\t\t\t\t\t<span class=\"wp-block-coblocks-social__icon\" style=\"\"><\/span>\n\t\t\t\t\t\t<span class=\"wp-block-coblocks-social__text\">Facebook<\/span>\n\t\t\t\t\t<\/a>\n\t\t\t\t<\/li><li>\n\t\t\t\t\t<a href=\"https:\/\/www.instagram.com\/escape60mex\/\" class=\"wp-block-button__link wp-block-coblocks-social__button wp-block-coblocks-social__button--instagram     has-padding\" title=\"Instagram\" style=\"border-radius: 40px;\" >\n\t\t\t\t\t\t<span class=\"wp-block-coblocks-social__icon\" style=\"\"><\/span>\n\t\t\t\t\t\t<span class=\"wp-block-coblocks-social__text\">Instagram<\/span>\n\t\t\t\t\t<\/a>\n\t\t\t\t<\/li><li>\n\t\t\t\t\t<a href=\"https:\/\/www.youtube.com\/channel\/UCFM2Yugm22uvJqhqK8HfrWQ\/featured\" class=\"wp-block-button__link wp-block-coblocks-social__button wp-block-coblocks-social__button--youtube     has-padding\" title=\"YouTube\" style=\"border-radius: 40px;\" >\n\t\t\t\t\t\t<span class=\"wp-block-coblocks-social__icon\" style=\"\"><\/span>\n\t\t\t\t\t\t<span class=\"wp-block-coblocks-social__text\">YouTube<\/span>\n\t\t\t\t\t<\/a>\n\t\t\t\t<\/li><\/ul><\/div>\n\n\n<p><\/p>\n\n\n\n<iframe loading=\"lazy\" src=\"https:\/\/www.google.com\/maps\/embed?pb=!1m18!1m12!1m3!1d3024.88792555785!2d-99.15725493287076!3d19.412593162814108!2m3!1f0!2f0!3f0!3m2!1i1024!2i768!4f13.1!3m3!1m2!1s0x85d1ff415252e58f%3A0xb91f110efa8ef0c8!2sEscape60!5e0!3m2!1ses-419!2smx!4v1592361840544!5m2!1ses-419!2smx\" width=\"600\" height=\"450\" frameborder=\"0\" style=\"border:0;\" allowfullscreen=\"\" aria-hidden=\"false\" tabindex=\"0\"><\/iframe>\n","protected":false},"excerpt":{"rendered":"<p>\u00bfC\u00f3mo te podemos ayudar? \u00bfPreguntas? \u00bfQuieres informaci\u00f3n sobre nuestros productos? \u00a1Ll\u00e1manos! Nos esforzamos por estar en comunicaci\u00f3n constante con nuestros clientes. Escape 60 M\u00e9xico Calle Coahuila, 16&nbsp;Colonia Roma Norte, C.P. 06700Delegaci\u00f3n Cuauht\u00e9moc, Ciudad de M\u00e9xico.(55) 2580-7129 Horario Lunes a Miercoles &#8211; 11 am &#8211; 9 pmJueves a Domingo &#8211; 10 am &#8211; 9 pm(Cerrado temporalmente [&hellip;]<\/p>\n","protected":false},"author":1,"featured_media":0,"parent":0,"menu_order":0,"comment_status":"closed","ping_status":"closed","template":"","meta":{"_coblocks_attr":"","_coblocks_dimensions":"","_coblocks_responsive_height":"","_coblocks_accordion_ie_support":""},"_links":{"self":[{"href":"https:\/\/escape60.com.mx\/shop\/wp-json\/wp\/v2\/pages\/34"}],"collection":[{"href":"https:\/\/escape60.com.mx\/shop\/wp-json\/wp\/v2\/pages"}],"about":[{"href":"https:\/\/escape60.com.mx\/shop\/wp-json\/wp\/v2\/types\/page"}],"author":[{"embeddable":true,"href":"https:\/\/escape60.com.mx\/shop\/wp-json\/wp\/v2\/users\/1"}],"replies":[{"embeddable":true,"href":"https:\/\/escape60.com.mx\/shop\/wp-json\/wp\/v2\/comments?post=34"}],"version-history":[{"count":6,"href":"https:\/\/escape60.com.mx\/shop\/wp-json\/wp\/v2\/pages\/34\/revisions"}],"predecessor-version":[{"id":107,"href":"https:\/\/escape60.com.mx\/shop\/wp-json\/wp\/v2\/pages\/34\/revisions\/107"}],"wp:attachment":[{"href":"https:\/\/escape60.com.mx\/shop\/wp-json\/wp\/v2\/media?parent=34"}],"curies":[{"name":"wp","href":"https:\/\/api.w.org\/{rel}","templated":true}]}}